 -d = -11*q + 8*q. Let n(y) = -y**3 - y**2 + 3*y - 3. Let v be n(-3). What is the greatest common factor of q and v?
6
Let w(i) = 11*i**3 + 2*i**2 - 2*i + 1. Let q be w(1). Suppose -5*c = -15, 3*s - 2*c - 30 = q. What is the greatest common divisor of 24 and s?
8
Let o = 0 - -6. Suppose 2*s + 3*m - 11 = 0, 5*s + m = 25 - 4. What is the highest common divisor of o and s?
2
Let x be (0 - 3) + 18/(-2). Let h = x + 6. Let s be h/15*-1*20. Calculate the highest common divisor of 64 and s.
8
Let x be (-1)/(-4) - 19/(-4). Let n = 5 + 0. Suppose -6*o + o - 2*y + 123 = 0, 127 = n*o - 2*y. What is the greatest common divisor of o and x?
5
Suppose 5*i - k - 2*k - 1027 = 0, -5*i - 5*k = -1035. Suppose -i - 586 = -4*m. Calculate the greatest common divisor of 22 and m.
22
Suppose 4*f + 5*k = 787, 3*k + 0*k + 3 = 0. Let n be (8/6)/2*27. What is the greatest common factor of f and n?
18
Suppose -s = 2*k - 39, 2*k = 3*s - 161 + 4. Calculate the highest common factor of s and 343.
49
Suppose -3*z + 2*z + 3 = 0, -2*s - 4 = -4*z. Suppose 5*q + 0*d - 11 = 3*d, s*q + d = 19. Calculate the highest common divisor of q and 2.
2
Let p = 78 - 66. What is the highest common factor of 16 and p?
4
Let t(f) = 2*f**2 - 1. Let n be t(-1). Calculate the highest common factor of 7 and n.
1
Suppose 2*l - 1 - 3 = 0, -l = 3*r - 74. Calculate the greatest common factor of 16 and r.
8
Let k(p) = -2*p**3 + p**2 + p. Let x be k(-1). Suppose x*t + 240 = 6*t. Let b be (16/20)/(1/15). Calculate the highest common divisor of b and t.
12
Suppose 276 = 3*f - 3*s, -4*f + s = -s - 360. Let j = 134 - 126. Calculate the highest common factor of j and f.
8
Let k(j) = -9*j**2 - 2*j - 2. Let s be k(-3). Let d = 132 + s. What is the greatest common factor of 11 and d?
11
Let g(t) = -t**3 - 5*t**2 - 7*t - 9. Let v be g(-4). What is the greatest common factor of 9 and v?
3
Let g = 30 + 51. Suppose 2*o + 2*a - g = -3*a, 0 = -2*o - 4*a + 78. Calculate the highest common factor of 11 and o.
11
Let o be -5*4*(0 + (-32)/5). What is the greatest common factor of o and 8?
8
Let p = 873 - 531. Calculate the greatest common factor of 38 and p.
38
Suppose 0 = 4*h - 2 + 14. Let i be (-31)/h - (-8)/12. Suppose 0 = 3*k + 5*v + 3 - 2, -v - i = -3*k. What is the greatest common divisor of k and 27?
3
Let y be -1 - 10*(-10)/4. What is the highest common factor of y and 16?
8
Let p be (-4 - -1)/(27/(-63)). Calculate the highest common divisor of 49 and p.
7
Let w(v) = 1 - 17*v**2 + 19*v**2 + 1 + 11*v**3. Let r be w(2). Suppose t - z = 10, -5*t - 7*z = -5*z - 78. What is the highest common divisor of t and r?
14
Let w = 8 - 4. Suppose k - w = -5*r + 7, 0 = -4*k - r + 6. Calculate the greatest common divisor of k and 9.
1
Suppose 11*p = 51 - 7. What is the highest common divisor of 52 and p?
4
Let c = -19 + 39. Let o be (-2 + (-8)/(-7))*-7. Let a = -2 + o. What is the highest common factor of c and a?
4
Suppose 3 = -i - 2. Let b be (28/6)/(i/(-60)). Suppose -8 = -4*s + b. What is the highest common divisor of s and 8?
8
Let g(n) = -n**3 - 12*n**2 - 14*n + 12. Let w be g(-11). What is the greatest common factor of w and 63?
9
Let d be (-3 + -1)/(5 + (-368)/72). Calculate the highest common divisor of d and 60.
12
Suppose 5*u = -22 - 23. Let v be (-2)/(-9) - 34/u. Suppose 13 = v*r + 3*o, 9*r - 45 = 4*r + 2*o. What is the greatest common factor of r and 35?
7
Let z(x) = 5*x**3 + 4*x**2 - 4*x + 3. Suppose -22 = -5*p - 7. Let a be z(p). What is the highest common divisor of a and 18?
18
Let h(n) = n**3 - 2*n**2 + 3*n - 4. Let z = 13 - 10. Let c be h(z). Calculate the highest common factor of c and 98.
14
Let t = 180 + -89. Let j = -19 - -74. Let x = t - j. What is the highest common factor of x and 9?
9
Let j(c) = -1 - 2*c + 8 + 0*c. Let u be j(-4). What is the highest common factor of 75 and u?
15
Let b = 129 - 57. Suppose 5*n + 4 - 44 = 0. What is the greatest common factor of n and b?
8
Let r = 48 - 30. Suppose -3*y + 7*y - 16 = 0. Let m be (-1)/4 + 9/y. Calculate the greatest common factor of r and m.
2
Let s(p) = p**3 + 6*p**2 - 7*p + 6. Let i be s(-7). Let y = i - 16. Let h = 16 + y. Calculate the greatest common divisor of 2 and h.
2
Let l(x) = -x**3 - 15*x**2 - 13*x + 23. Let m be l(-14). Calculate the greatest common divisor of 9 and m.
9
Let i = -180 - -360. Calculate the greatest common divisor of i and 36.
36
Suppose -5*f + 6*f = 5. Let q = -6 - -11. What is the greatest common factor of q and f?
5
Let a be 4 + (-4 - -4)/(2/(-2)). What is the greatest common factor of 16 and a?
4
Suppose -2*z + 5 = 1. Suppose 3*a = -4*i - 5 - 6, 0 = -2*i + 5*a + 1. Let t be i + 11 - z - 2. What is the highest common factor of t and 45?
5
Suppose 2*a + 0 = 4. Let g(h) = 2*h**3 - h**2 + h - 2. Let r be g(a). What is the greatest common factor of r and 60?
12
Let y = 22 + -40. Let v be (1 + 5/(-2))*y. Calculate the greatest common divisor of 3 and v.
3
Let b be (-3 - -1)*5/(-2). Let y = 11 - 9. Suppose -2*w - y*l + 24 = 0, w - 3*l = b*w - 52. What is the greatest common divisor of w and 24?
8
Suppose -c - 281 = -3*s, -c + 2*c + 2*s + 276 = 0. Let u = -194 - c. What is the greatest common divisor of u and 12?
12
Suppose 4*w - 2*m = 8, -3*m = 2*w + w + 3. Suppose 5*k = 2*k + 3. What is the highest common factor of k and w?
1
Let n(r) = -2*r**3 - 2*r**2 + 4*r + 5. Let c be n(-3). Calculate the greatest common factor of 203 and c.
29
Suppose 3*i + 2*d = 30 - 9, -3*d = i - 7. What is the greatest common factor of i and 7?
7
Suppose 69 = 4*c + 21. What is the highest common divisor of c and 96?
12
Let w = 25 - 7. Suppose -2*a = -739 + 19. Suppose 0 = v + 3*v - a. What is the greatest common factor of w and v?
18
Suppose 0 = -15*d + 472 + 578. Let b be 5/((-50)/(-28))*10. What is the highest common factor of b and d?
14
Let b(o) = 5*o + 4. Let y be b(-5). Let l = y - -32. What is the greatest common divisor of 77 and l?
11
Suppose 0 = -3*o + 2*y - 0*y + 12, 0 = -y. Suppose -4*r + 4*z + 44 + 40 = 0, -2*r = -o*z - 40. Calculate the highest common divisor of r and 11.
11
Let u = 41 - 11. Suppose 116 + 34 = 2*j. Calculate the highest common divisor of j and u.
15
Suppose -5*y + 3*h + 69 = -0*h, 2*h - 49 = -3*y. Suppose 5*v + 9 = 6*v. Let r = -6 + v. What is the highest common divisor of y and r?
3
Let d(r) = 2*r - 1. Let t be 3/3 - (-1 - 2). Let u be d(t). Suppose -6*i = -2*i - 4. Calculate the greatest common factor of i and u.
1
Suppose 4*j - 78 = 42. Let p(r) = r**2 + 2*r - 43. Let k be p(7). What is the greatest common factor of j and k?
10
Suppose -39 = -3*w + 21. Suppose j + 2*h - 54 = 0, 6*j - h = 2*j + 198. Calculate the greatest common divisor of w and j.
10
Suppose -7 = -3*a - 1. What is the highest common factor of a and 34?
2
Suppose w - 3*m - 1 = 0, -3*m + 28 = 2*w + 8. Let t = w - 1. Let n be (-4)/10 - (-816)/15. Calculate the highest common factor of n and t.
6
Let s = -33 - -63. Calculate the greatest common divisor of 150 and s.
30
Suppose -5*h + 30 = i + 7, 4*i + h = 111. Calculate the greatest common factor of 252 and i.
28
Let o(s) = -s + 31. Let q be o(13). Calculate the greatest common divisor of q and 24.
6
Let r(c) = 2*c**3 - 5*c**2 - 3*c + 6. Let i be r(4). Suppose -n + 5*u + i = 0, -4*u + 5 - 25 = 0. What is the highest common divisor of n and 34?
17
Let i = 40 - 24. Suppose -8 = -5*c + 12. What is the greatest common factor of i and c?
4
Let n be (-21)/(-2)*2/(-4)*-52. Calculate the highest common factor of n and 21.
21
Suppose -7 + 2 = x + 2*s, -4*x + s = -7. Let g(b) = 25*b**2 - 1. Let m be g(x). What is the greatest common divisor of m and 16?
8
Suppose 7 = -4*u - 1, 20 = 2*k - 4*u. Let n be (-1 + 2)*(17 - 2). Calculate the highest common divisor of n and k.
3
Let l(v) = 10*v. Let n be l(2). Suppose -5*s = -5 + 75. Let x = s + n. What is the greatest common factor of x and 6?
6
Let k = 165 + -109. What is the greatest common divisor of k and 7?
7
Let x = -6 + 106. What is the highest common divisor of 75 and x?
25
Let j(m) = -m**3 + 8*m**2 + 11*m - 12. Let r be j(9). Calculate the highest common divisor of 48 and r.
6
Let v(u) be the first derivative of 13*u**2/2 + 14*u - 4. Let i be v(15). Calculate the highest common divisor of i and 19.
19
Let d be ((-1)/(3/(-78)))/1. What is the highest common divisor o